{"id":12,"date":"2019-01-06T01:05:32","date_gmt":"2019-01-06T01:05:32","guid":{"rendered":"http:\/\/abbeverein.de\/?page_id=12"},"modified":"2019-01-06T22:47:48","modified_gmt":"2019-01-06T21:47:48","slug":"wir-ueber-uns","status":"publish","type":"page","link":"https:\/\/abbeverein.de\/?page_id=12","title":{"rendered":"Wir \u00fcber uns"},"content":{"rendered":"\n<p>Der Verein&nbsp;Erhalt Abbe\u2019schen Gedankenguts e.V.&nbsp;wurde 2001 von engagierten aktiven und ehemaligen Mitarbeitern von Carl Zeiss gegr\u00fcndet.<\/p>\n\n\n\n<p>\u200b<strong>Unsere Ziele<\/strong><\/p>\n\n\n\n<p>Der Verein bezweckt die Pflege des Gedankenguts von Ernst Abbe. Er betreibt Vortragsveranstaltungen und \u00d6ffentlichkeitsarbeit f\u00fcr den Erhalt und die Verbreitung des Gedankengutes von&nbsp;Ernst Abbe.<\/p>\n\n\n\n<p>Mitglied k\u00f6nnen Personen werden, die an der Verwirklichung der Vereinsziele interessiert sind. Die \u00fcberwiegende Mehrzahl der Mitglieder ist aktiv oder ehemals besch\u00e4ftigt bei Carl Zeiss. &nbsp;<\/p>\n","protected":false},"excerpt":{"rendered":"<p>Der Verein&nbsp;Erhalt Abbe\u2019schen Gedankenguts e.V.&nbsp;wurde 2001 von engagierten aktiven und ehemaligen Mitarbeitern von Carl Zeiss gegr\u00fcndet. \u200bUnsere Ziele Der Verein bezweckt die Pflege des Gedankenguts von Ernst Abbe. Er betreibt Vortragsveranstaltungen und \u00d6ffentlichkeitsarbeit f\u00fcr den Erhalt und die Verbreitung des Gedankengutes von&nbsp;Ernst Abbe. Mitglied k\u00f6nnen Personen werden, die an der Verwirklichung der Vereinsziele interessiert sind. &hellip; <\/p>\n<p class=\"link-more\"><a href=\"https:\/\/abbeverein.de\/?page_id=12\" class=\"more-link\"><span class=\"screen-reader-text\">\u201eWir \u00fcber uns\u201c <\/span>weiterlesen<\/a><\/p>\n","protected":false},"author":1,"featured_media":0,"parent":0,"menu_order":0,"comment_status":"closed","ping_status":"closed","template":"","meta":{"footnotes":""},"class_list":["post-12","page","type-page","status-publish","hentry","entry"],"_links":{"self":[{"href":"https:\/\/abbeverein.de\/index.php?rest_route=\/wp\/v2\/pages\/12","targetHints":{"allow":["GET"]}}],"collection":[{"href":"https:\/\/abbeverein.de\/index.php?rest_route=\/wp\/v2\/pages"}],"about":[{"href":"https:\/\/abbeverein.de\/index.php?rest_route=\/wp\/v2\/types\/page"}],"author":[{"embeddable":true,"href":"https:\/\/abbeverein.de\/index.php?rest_route=\/wp\/v2\/users\/1"}],"replies":[{"embeddable":true,"href":"https:\/\/abbeverein.de\/index.php?rest_route=%2Fwp%2Fv2%2Fcomments&post=12"}],"version-history":[{"count":3,"href":"https:\/\/abbeverein.de\/index.php?rest_route=\/wp\/v2\/pages\/12\/revisions"}],"predecessor-version":[{"id":106,"href":"https:\/\/abbeverein.de\/index.php?rest_route=\/wp\/v2\/pages\/12\/revisions\/106"}],"wp:attachment":[{"href":"https:\/\/abbeverein.de\/index.php?rest_route=%2Fwp%2Fv2%2Fmedia&parent=12"}],"curies":[{"name":"wp","href":"https:\/\/api.w.org\/{rel}","templated":true}]}}

Wir über uns

<p>Der Verein&nbsp;Erhalt Abbe’schen Gedankenguts e.V.&nbsp;wurde 2001 von engagierten aktiven und ehemaligen Mitarbeitern von Carl Zeiss gegründet.</p>



<p>​<strong>Unsere Ziele</strong></p>



<p>Der Verein bezweckt die Pflege des Gedankenguts von Ernst Abbe. Er betreibt Vortragsveranstaltungen und Öffentlichkeitsarbeit für den Erhalt und die Verbreitung des Gedankengutes von&nbsp;Ernst Abbe.</p>



<p>Mitglied können Personen werden, die an der Verwirklichung der Vereinsziele interessiert sind. Die überwiegende Mehrzahl der Mitglieder ist aktiv oder ehemals beschäftigt bei Carl Zeiss. &nbsp;</p>

<p>Der Verein&nbsp;Erhalt Abbe’schen Gedankenguts e.V.&nbsp;wurde 2001 von engagierten aktiven und ehemaligen Mitarbeitern von Carl Zeiss gegründet. ​Unsere Ziele Der Verein bezweckt die Pflege des Gedankenguts von Ernst Abbe. Er betreibt Vortragsveranstaltungen und Öffentlichkeitsarbeit für den Erhalt und die Verbreitung des Gedankengutes von&nbsp;Ernst Abbe. Mitglied können Personen werden, die an der Verwirklichung der Vereinsziele interessiert sind. &hellip; </p>
<p class="link-more"><a href="https://abbeverein.de/?page_id=12" class="more-link"><span class="screen-reader-text">„Wir über uns“ </span>weiterlesen</a></p>
