{"id":37,"date":"2019-01-06T01:27:20","date_gmt":"2019-01-06T01:27:20","guid":{"rendered":"http:\/\/abbeverein.de\/?page_id=37"},"modified":"2020-01-04T18:32:00","modified_gmt":"2020-01-04T17:32:00","slug":"vorstand-2","status":"publish","type":"page","link":"https:\/\/abbeverein.de\/?page_id=37","title":{"rendered":"Vorstand"},"content":{"rendered":"\n<p><strong>1. Vorsitzender:<\/strong><\/p>\n\n\n\n<p>Adalbert Han\u00dfen<br>Elsterweg 4<br>73434 Aalen<br>Tel.: +49 7361 5280947<br> <a href=\"mailto:vorstand@abbeverein.de\">vorstand@abbeverein.de<\/a><\/p>\n\n\n\n<p><strong>Stellvertreter:<\/strong><\/p>\n\n\n\n<p>Dr. Bernd D\u00f6rband<br>Sauerbachstra\u00dfe 103<br>73434 Aalen<br>Tel.:  +49 7361 468162 <br> <a href=\"mailto:vorstand@abbeverein.de\">vorstand@abbeverein.de<\/a> <\/p>\n\n\n\n<p><strong>Schriftf\u00fchrerin:<\/strong><\/p>\n\n\n\n<p>Henriette M\u00fcller <br>Sauerbachstra\u00dfe 103<br>73434 Aalen<br>Tel.:  +49 7361 468162 <br> <a href=\"mailto:schriftfuehrer@abbeverein.de\">schriftfuehrer@abbeverein.de<\/a> <\/p>\n","protected":false},"excerpt":{"rendered":"<p>1. Vorsitzender: Adalbert Han\u00dfenElsterweg 473434 AalenTel.: +49 7361 5280947 vorstand@abbeverein.de Stellvertreter: Dr. Bernd D\u00f6rbandSauerbachstra\u00dfe 10373434 AalenTel.: +49 7361 468162 vorstand@abbeverein.de Schriftf\u00fchrerin: Henriette M\u00fcller Sauerbachstra\u00dfe 10373434 AalenTel.: +49 7361 468162 schriftfuehrer@abbeverein.de<\/p>\n","protected":false},"author":1,"featured_media":0,"parent":0,"menu_order":0,"comment_status":"closed","ping_status":"closed","template":"","meta":{"footnotes":""},"class_list":["post-37","page","type-page","status-publish","hentry","entry"],"_links":{"self":[{"href":"https:\/\/abbeverein.de\/index.php?rest_route=\/wp\/v2\/pages\/37","targetHints":{"allow":["GET"]}}],"collection":[{"href":"https:\/\/abbeverein.de\/index.php?rest_route=\/wp\/v2\/pages"}],"about":[{"href":"https:\/\/abbeverein.de\/index.php?rest_route=\/wp\/v2\/types\/page"}],"author":[{"embeddable":true,"href":"https:\/\/abbeverein.de\/index.php?rest_route=\/wp\/v2\/users\/1"}],"replies":[{"embeddable":true,"href":"https:\/\/abbeverein.de\/index.php?rest_route=%2Fwp%2Fv2%2Fcomments&post=37"}],"version-history":[{"count":4,"href":"https:\/\/abbeverein.de\/index.php?rest_route=\/wp\/v2\/pages\/37\/revisions"}],"predecessor-version":[{"id":491,"href":"https:\/\/abbeverein.de\/index.php?rest_route=\/wp\/v2\/pages\/37\/revisions\/491"}],"wp:attachment":[{"href":"https:\/\/abbeverein.de\/index.php?rest_route=%2Fwp%2Fv2%2Fmedia&parent=37"}],"curies":[{"name":"wp","href":"https:\/\/api.w.org\/{rel}","templated":true}]}}

<p><strong>1. Vorsitzender:</strong></p>



<p>Adalbert Hanßen<br>Elsterweg 4<br>73434 Aalen<br>Tel.: +49 7361 5280947<br> <a href="mailto:vorstand@abbeverein.de">vorstand@abbeverein.de</a></p>



<p><strong>Stellvertreter:</strong></p>



<p>Dr. Bernd Dörband<br>Sauerbachstraße 103<br>73434 Aalen<br>Tel.:  +49 7361 468162 <br> <a href="mailto:vorstand@abbeverein.de">vorstand@abbeverein.de</a> </p>



<p><strong>Schriftführerin:</strong></p>



<p>Henriette Müller <br>Sauerbachstraße 103<br>73434 Aalen<br>Tel.:  +49 7361 468162 <br> <a href="mailto:schriftfuehrer@abbeverein.de">schriftfuehrer@abbeverein.de</a> </p>

<p>1. Vorsitzender: Adalbert HanßenElsterweg 473434 AalenTel.: +49 7361 5280947 vorstand@abbeverein.de Stellvertreter: Dr. Bernd DörbandSauerbachstraße 10373434 AalenTel.: +49 7361 468162 vorstand@abbeverein.de Schriftführerin: Henriette Müller Sauerbachstraße 10373434 AalenTel.: +49 7361 468162 schriftfuehrer@abbeverein.de</p>
